{"id":147,"date":"2021-05-24T17:31:26","date_gmt":"2021-05-24T15:31:26","guid":{"rendered":"http:\/\/localhost\/akademia\/krakow\/?page_id=147"},"modified":"2025-08-27T14:29:15","modified_gmt":"2025-08-27T12:29:15","slug":"kontakt","status":"publish","type":"page","link":"https:\/\/akademiabadmintona.pl\/krakow\/kontakt\/","title":{"rendered":"Kontakt"},"content":{"rendered":"<p><span style=\"font-size: 18pt\"><a href=\"https:\/\/zapisy.activenow.pl\/akademia-badmintona-krakow\"><strong>Zapisy na sezon 2025\/2026<\/strong><\/a>&#8211; kliknij na link<\/span><\/p>\n<p>Za zaj\u0119cia dzieci prosimy regulowa\u0107 op\u0142aty poprzez nast\u0119puj\u0105ce konto:<\/p>\n<p><strong>Uczniowski Klub Sportowy AB Krakow<\/strong><\/p>\n<p>Mbank 51 1140 2004 0000 3402 7753 8074<br \/>\nNIP 675-163-15-95<br \/>\nRegon 369022547<\/p>\n<p>Doro\u015bli s\u0105 proszeni o wp\u0142aty na konto:<\/p>\n<p><strong>Akademia Badmintona Krakow<\/strong><\/p>\n<p>Mbank 72 1140 2004 0000 3802 7797 9432<\/p>\n<p>NIP 738-204-30-11<\/p>\n<p>&nbsp;<\/p>\n<p>&nbsp;<\/p>\n","protected":false},"excerpt":{"rendered":"<p>Zapisy na sezon 2025\/2026&#8211; kliknij na link Za zaj\u0119cia dzieci prosimy regulowa\u0107 op\u0142aty poprzez nast\u0119puj\u0105ce konto: Uczniowski Klub Sportowy AB [&hellip;]<\/p>\n","protected":false},"author":1,"featured_media":0,"parent":0,"menu_order":0,"comment_status":"closed","ping_status":"closed","template":"contact.php","meta":{"_acf_changed":false,"footnotes":""},"class_list":["post-147","page","type-page","status-publish","hentry"],"acf":[],"yoast_head":"<!-- This site is optimized with the Yoast SEO plugin v25.5 - https:\/\/yoast.com\/wordpress\/plugins\/seo\/ -->\n<title>Kontakt - Akademia krak\u00f3w<\/title>\n<meta name=\"robots\" content=\"index, follow, max-snippet:-1, max-image-preview:large, max-video-preview:-1\" \/>\n<link rel=\"canonical\" href=\"https:\/\/akademiabadmintona.pl\/krakow\/kontakt\/\" \/>\n<meta property=\"og:locale\" content=\"pl_PL\" \/>\n<meta property=\"og:type\" content=\"article\" \/>\n<meta property=\"og:title\" content=\"Kontakt - Akademia krak\u00f3w\" \/>\n<meta property=\"og:description\" content=\"Zapisy na sezon 2025\/2026&#8211; kliknij na link Za zaj\u0119cia dzieci prosimy regulowa\u0107 op\u0142aty poprzez nast\u0119puj\u0105ce konto: Uczniowski Klub Sportowy AB [&hellip;]\" \/>\n<meta property=\"og:url\" content=\"https:\/\/akademiabadmintona.pl\/krakow\/kontakt\/\" \/>\n<meta property=\"og:site_name\" content=\"Akademia krak\u00f3w\" \/>\n<meta property=\"article:modified_time\" content=\"2025-08-27T12:29:15+00:00\" \/>\n<meta name=\"twitter:card\" content=\"summary_large_image\" \/>\n<meta name=\"twitter:label1\" content=\"Szacowany czas czytania\" \/>\n\t<meta name=\"twitter:data1\" content=\"1 minuta\" \/>\n<script type=\"application\/ld+json\" class=\"yoast-schema-graph\">{\"@context\":\"https:\/\/schema.org\",\"@graph\":[{\"@type\":\"WebPage\",\"@id\":\"https:\/\/akademiabadmintona.pl\/krakow\/kontakt\/\",\"url\":\"https:\/\/akademiabadmintona.pl\/krakow\/kontakt\/\",\"name\":\"Kontakt - Akademia krak\u00f3w\",\"isPartOf\":{\"@id\":\"https:\/\/akademiabadmintona.pl\/krakow\/#website\"},\"datePublished\":\"2021-05-24T15:31:26+00:00\",\"dateModified\":\"2025-08-27T12:29:15+00:00\",\"breadcrumb\":{\"@id\":\"https:\/\/akademiabadmintona.pl\/krakow\/kontakt\/#breadcrumb\"},\"inLanguage\":\"pl-PL\",\"potentialAction\":[{\"@type\":\"ReadAction\",\"target\":[\"https:\/\/akademiabadmintona.pl\/krakow\/kontakt\/\"]}]},{\"@type\":\"BreadcrumbList\",\"@id\":\"https:\/\/akademiabadmintona.pl\/krakow\/kontakt\/#breadcrumb\",\"itemListElement\":[{\"@type\":\"ListItem\",\"position\":1,\"name\":\"Strona g\u0142\u00f3wna\",\"item\":\"https:\/\/akademiabadmintona.pl\/krakow\/\"},{\"@type\":\"ListItem\",\"position\":2,\"name\":\"Kontakt\"}]},{\"@type\":\"WebSite\",\"@id\":\"https:\/\/akademiabadmintona.pl\/krakow\/#website\",\"url\":\"https:\/\/akademiabadmintona.pl\/krakow\/\",\"name\":\"Akademia krak\u00f3w\",\"description\":\"Kolejna witryna sieci &#8222;Akademia badmintona Witryn&#8221;\",\"potentialAction\":[{\"@type\":\"SearchAction\",\"target\":{\"@type\":\"EntryPoint\",\"urlTemplate\":\"https:\/\/akademiabadmintona.pl\/krakow\/?s={search_term_string}\"},\"query-input\":{\"@type\":\"PropertyValueSpecification\",\"valueRequired\":true,\"valueName\":\"search_term_string\"}}],\"inLanguage\":\"pl-PL\"}]}<\/script>\n<!-- \/ Yoast SEO plugin. -->","yoast_head_json":{"title":"Kontakt - Akademia krak\u00f3w","robots":{"index":"index","follow":"follow","max-snippet":"max-snippet:-1","max-image-preview":"max-image-preview:large","max-video-preview":"max-video-preview:-1"},"canonical":"https:\/\/akademiabadmintona.pl\/krakow\/kontakt\/","og_locale":"pl_PL","og_type":"article","og_title":"Kontakt - Akademia krak\u00f3w","og_description":"Zapisy na sezon 2025\/2026&#8211; kliknij na link Za zaj\u0119cia dzieci prosimy regulowa\u0107 op\u0142aty poprzez nast\u0119puj\u0105ce konto: Uczniowski Klub Sportowy AB [&hellip;]","og_url":"https:\/\/akademiabadmintona.pl\/krakow\/kontakt\/","og_site_name":"Akademia krak\u00f3w","article_modified_time":"2025-08-27T12:29:15+00:00","twitter_card":"summary_large_image","twitter_misc":{"Szacowany czas czytania":"1 minuta"},"schema":{"@context":"https:\/\/schema.org","@graph":[{"@type":"WebPage","@id":"https:\/\/akademiabadmintona.pl\/krakow\/kontakt\/","url":"https:\/\/akademiabadmintona.pl\/krakow\/kontakt\/","name":"Kontakt - Akademia krak\u00f3w","isPartOf":{"@id":"https:\/\/akademiabadmintona.pl\/krakow\/#website"},"datePublished":"2021-05-24T15:31:26+00:00","dateModified":"2025-08-27T12:29:15+00:00","breadcrumb":{"@id":"https:\/\/akademiabadmintona.pl\/krakow\/kontakt\/#breadcrumb"},"inLanguage":"pl-PL","potentialAction":[{"@type":"ReadAction","target":["https:\/\/akademiabadmintona.pl\/krakow\/kontakt\/"]}]},{"@type":"BreadcrumbList","@id":"https:\/\/akademiabadmintona.pl\/krakow\/kontakt\/#breadcrumb","itemListElement":[{"@type":"ListItem","position":1,"name":"Strona g\u0142\u00f3wna","item":"https:\/\/akademiabadmintona.pl\/krakow\/"},{"@type":"ListItem","position":2,"name":"Kontakt"}]},{"@type":"WebSite","@id":"https:\/\/akademiabadmintona.pl\/krakow\/#website","url":"https:\/\/akademiabadmintona.pl\/krakow\/","name":"Akademia krak\u00f3w","description":"Kolejna witryna sieci &#8222;Akademia badmintona Witryn&#8221;","potentialAction":[{"@type":"SearchAction","target":{"@type":"EntryPoint","urlTemplate":"https:\/\/akademiabadmintona.pl\/krakow\/?s={search_term_string}"},"query-input":{"@type":"PropertyValueSpecification","valueRequired":true,"valueName":"search_term_string"}}],"inLanguage":"pl-PL"}]}},"_links":{"self":[{"href":"https:\/\/akademiabadmintona.pl\/krakow\/wp-json\/wp\/v2\/pages\/147","targetHints":{"allow":["GET"]}}],"collection":[{"href":"https:\/\/akademiabadmintona.pl\/krakow\/wp-json\/wp\/v2\/pages"}],"about":[{"href":"https:\/\/akademiabadmintona.pl\/krakow\/wp-json\/wp\/v2\/types\/page"}],"author":[{"embeddable":true,"href":"https:\/\/akademiabadmintona.pl\/krakow\/wp-json\/wp\/v2\/users\/1"}],"replies":[{"embeddable":true,"href":"https:\/\/akademiabadmintona.pl\/krakow\/wp-json\/wp\/v2\/comments?post=147"}],"version-history":[{"count":18,"href":"https:\/\/akademiabadmintona.pl\/krakow\/wp-json\/wp\/v2\/pages\/147\/revisions"}],"predecessor-version":[{"id":3116,"href":"https:\/\/akademiabadmintona.pl\/krakow\/wp-json\/wp\/v2\/pages\/147\/revisions\/3116"}],"wp:attachment":[{"href":"https:\/\/akademiabadmintona.pl\/krakow\/wp-json\/wp\/v2\/media?parent=147"}],"curies":[{"name":"wp","href":"https:\/\/api.w.org\/{rel}","templated":true}]}}