{"id":1398,"date":"2024-10-14T14:11:54","date_gmt":"2024-10-14T12:11:54","guid":{"rendered":"https:\/\/akademiabadmintona.pl\/warszawa\/?page_id=1398"},"modified":"2024-12-19T13:06:15","modified_gmt":"2024-12-19T12:06:15","slug":"zajecia-dla-dzieci-srodmiescie","status":"publish","type":"page","link":"https:\/\/akademiabadmintona.pl\/warszawa\/zajecia-dla-dzieci-srodmiescie\/","title":{"rendered":"Zaj\u0119cia dla dzieci &#8211; \u015ar\u00f3dmie\u015bcie"},"content":{"rendered":"<h2>Nauka badmintona od podstaw na zaj\u0119ciach dla dzieci w Warszawie i \u015ar\u00f3dmie\u015bciu<\/p>\n<\/h2>\n<p style=\"text-align: justify\">Jako klub Akademia Badmintona prowadzimy <b>zaj\u0119cia dla dzieci w Warszawie w dzielnicy \u015ar\u00f3dmie\u015bcie<\/b>. Zapewniamy m\u0142odym uczestnikom najlepsze warunki do rozwoju psychofizycznego, udzielaj\u0105c im kompleksowego wsparcia na ka\u017cdym etapie treningu. To miejsce powsta\u0142o z mi\u0142o\u015bci i pasji do tej pi\u0119knej dyscypliny sportowej. Dlatego te\u017c obecnie, jako trenerzy pragniemy tchn\u0105\u0107 te warto\u015bci w m\u0142ode umys\u0142y. Nie jeste\u015b pewien, na jaki sport zapisa\u0107 swoje dziecko? Proponujemy <b>zaj\u0119cia dla dzieci<\/b> obejmuj\u0105ce lekcje badmintona, przepe\u0142nione zabaw\u0105 i rozrywk\u0105.\n<\/p>\n<h2>Dla kogo s\u0105 nasze zaj\u0119cia w Warszawie w \u015ar\u00f3dmie\u015bciu?<br \/>\n<\/h2>\n<p style=\"text-align: justify\">Nie wiesz, w jakim wieku jest najlepszy moment na zapisanie pociechy na <b>zaj\u0119cia dla dzieci<\/b> z badmintona? Pocz\u0105wszy od czwartego roku \u017cycia dziecka, mo\u017cna wdra\u017ca\u0107 je w techniki gry. Rozpocz\u0119cie trening\u00f3w wcze\u015bnie z pewno\u015bci\u0105 pomo\u017ce w szybkim wej\u015bciu na \u015bcie\u017ck\u0119 sukcesu w tym sporcie. Szkolenia przeprowadzamy w dopasowaniu do wieku i umiej\u0119tno\u015bci. Jako organizatorzy <b>zaj\u0119\u0107 dla dzieci<\/b> sprawiamy, \u017ce ka\u017cda lekcja przebiega w wyj\u0105tkowo mi\u0142ej atmosferze, a czas mija w mgnieniu oka. Je\u015bli jeste\u015b mieszka\u0144cem Warszawy ze \u015ar\u00f3dmie\u015bcia i poszukujesz lekcji sportowych, kt\u00f3re wci\u0105gn\u0105 Twoj\u0105 pociech\u0119, zapraszamy do kontaktu!<\/p>\n","protected":false},"excerpt":{"rendered":"<p>Nauka badmintona od podstaw na zaj\u0119ciach dla dzieci w Warszawie i \u015ar\u00f3dmie\u015bciu Jako klub Akademia Badmintona prowadzimy zaj\u0119cia dla dzieci [&hellip;]<\/p>\n","protected":false},"author":4,"featured_media":628,"parent":0,"menu_order":0,"comment_status":"closed","ping_status":"closed","template":"","meta":{"_acf_changed":false,"footnotes":""},"class_list":["post-1398","page","type-page","status-publish","has-post-thumbnail","hentry"],"acf":[],"yoast_head":"<!-- This site is optimized with the Yoast SEO plugin v25.5 - https:\/\/yoast.com\/wordpress\/plugins\/seo\/ -->\n<title>Zaj\u0119cia dla dzieci Warszawa \u015ar\u00f3dmie\u015bcie - Akademia badmintona<\/title>\n<meta name=\"description\" content=\"Zapisz dziecko na zaj\u0119cia dla dzieci w Warszawie \u015ar\u00f3dmie\u015bciu! Zapewniamy sportowe treningi, kt\u00f3re wspieraj\u0105 rozw\u00f3j fizyczny i pasj\u0119 do sportu.\" \/>\n<meta name=\"robots\" content=\"index, follow, max-snippet:-1, max-image-preview:large, max-video-preview:-1\" \/>\n<link rel=\"canonical\" href=\"https:\/\/akademiabadmintona.pl\/warszawa\/zajecia-dla-dzieci-srodmiescie\/\" \/>\n<meta property=\"og:locale\" content=\"pl_PL\" \/>\n<meta property=\"og:type\" content=\"article\" \/>\n<meta property=\"og:title\" content=\"Zaj\u0119cia dla dzieci Warszawa \u015ar\u00f3dmie\u015bcie - Akademia badmintona\" \/>\n<meta property=\"og:description\" content=\"Zapisz dziecko na zaj\u0119cia dla dzieci w Warszawie \u015ar\u00f3dmie\u015bciu! Zapewniamy sportowe treningi, kt\u00f3re wspieraj\u0105 rozw\u00f3j fizyczny i pasj\u0119 do sportu.\" \/>\n<meta property=\"og:url\" content=\"https:\/\/akademiabadmintona.pl\/warszawa\/zajecia-dla-dzieci-srodmiescie\/\" \/>\n<meta property=\"og:site_name\" content=\"Akademia badmintona | Warszawa\" \/>\n<meta property=\"article:modified_time\" content=\"2024-12-19T12:06:15+00:00\" \/>\n<meta property=\"og:image\" content=\"https:\/\/akademiabadmintona.pl\/warszawa\/wp-content\/uploads\/sites\/6\/2021\/05\/187796930_4662442637105674_5433886454071671463_n.jpg\" \/>\n\t<meta property=\"og:image:width\" content=\"2048\" \/>\n\t<meta property=\"og:image:height\" content=\"1365\" \/>\n\t<meta property=\"og:image:type\" content=\"image\/jpeg\" \/>\n<meta name=\"twitter:card\" content=\"summary_large_image\" \/>\n<meta name=\"twitter:label1\" content=\"Szacowany czas czytania\" \/>\n\t<meta name=\"twitter:data1\" content=\"1 minuta\" \/>\n<script type=\"application\/ld+json\" class=\"yoast-schema-graph\">{\"@context\":\"https:\/\/schema.org\",\"@graph\":[{\"@type\":\"WebPage\",\"@id\":\"https:\/\/akademiabadmintona.pl\/warszawa\/zajecia-dla-dzieci-srodmiescie\/\",\"url\":\"https:\/\/akademiabadmintona.pl\/warszawa\/zajecia-dla-dzieci-srodmiescie\/\",\"name\":\"Zaj\u0119cia dla dzieci Warszawa \u015ar\u00f3dmie\u015bcie - Akademia badmintona\",\"isPartOf\":{\"@id\":\"https:\/\/akademiabadmintona.pl\/warszawa\/#website\"},\"primaryImageOfPage\":{\"@id\":\"https:\/\/akademiabadmintona.pl\/warszawa\/zajecia-dla-dzieci-srodmiescie\/#primaryimage\"},\"image\":{\"@id\":\"https:\/\/akademiabadmintona.pl\/warszawa\/zajecia-dla-dzieci-srodmiescie\/#primaryimage\"},\"thumbnailUrl\":\"https:\/\/akademiabadmintona.pl\/warszawa\/wp-content\/uploads\/sites\/6\/2021\/05\/187796930_4662442637105674_5433886454071671463_n.jpg\",\"datePublished\":\"2024-10-14T12:11:54+00:00\",\"dateModified\":\"2024-12-19T12:06:15+00:00\",\"description\":\"Zapisz dziecko na zaj\u0119cia dla dzieci w Warszawie \u015ar\u00f3dmie\u015bciu! Zapewniamy sportowe treningi, kt\u00f3re wspieraj\u0105 rozw\u00f3j fizyczny i pasj\u0119 do sportu.\",\"breadcrumb\":{\"@id\":\"https:\/\/akademiabadmintona.pl\/warszawa\/zajecia-dla-dzieci-srodmiescie\/#breadcrumb\"},\"inLanguage\":\"pl-PL\",\"potentialAction\":[{\"@type\":\"ReadAction\",\"target\":[\"https:\/\/akademiabadmintona.pl\/warszawa\/zajecia-dla-dzieci-srodmiescie\/\"]}]},{\"@type\":\"ImageObject\",\"inLanguage\":\"pl-PL\",\"@id\":\"https:\/\/akademiabadmintona.pl\/warszawa\/zajecia-dla-dzieci-srodmiescie\/#primaryimage\",\"url\":\"https:\/\/akademiabadmintona.pl\/warszawa\/wp-content\/uploads\/sites\/6\/2021\/05\/187796930_4662442637105674_5433886454071671463_n.jpg\",\"contentUrl\":\"https:\/\/akademiabadmintona.pl\/warszawa\/wp-content\/uploads\/sites\/6\/2021\/05\/187796930_4662442637105674_5433886454071671463_n.jpg\",\"width\":2048,\"height\":1365},{\"@type\":\"BreadcrumbList\",\"@id\":\"https:\/\/akademiabadmintona.pl\/warszawa\/zajecia-dla-dzieci-srodmiescie\/#breadcrumb\",\"itemListElement\":[{\"@type\":\"ListItem\",\"position\":1,\"name\":\"Strona g\u0142\u00f3wna\",\"item\":\"https:\/\/akademiabadmintona.pl\/warszawa\/\"},{\"@type\":\"ListItem\",\"position\":2,\"name\":\"Zaj\u0119cia dla dzieci &#8211; \u015ar\u00f3dmie\u015bcie\"}]},{\"@type\":\"WebSite\",\"@id\":\"https:\/\/akademiabadmintona.pl\/warszawa\/#website\",\"url\":\"https:\/\/akademiabadmintona.pl\/warszawa\/\",\"name\":\"Akademia badmintona | Warszawa\",\"description\":\"Kolejna witryna sieci \u201eAkademia badmintona Witryn\u201d\",\"publisher\":{\"@id\":\"https:\/\/akademiabadmintona.pl\/warszawa\/#organization\"},\"potentialAction\":[{\"@type\":\"SearchAction\",\"target\":{\"@type\":\"EntryPoint\",\"urlTemplate\":\"https:\/\/akademiabadmintona.pl\/warszawa\/?s={search_term_string}\"},\"query-input\":{\"@type\":\"PropertyValueSpecification\",\"valueRequired\":true,\"valueName\":\"search_term_string\"}}],\"inLanguage\":\"pl-PL\"},{\"@type\":\"Organization\",\"@id\":\"https:\/\/akademiabadmintona.pl\/warszawa\/#organization\",\"name\":\"Akademia badmintona | Warszawa\",\"url\":\"https:\/\/akademiabadmintona.pl\/warszawa\/\",\"logo\":{\"@type\":\"ImageObject\",\"inLanguage\":\"pl-PL\",\"@id\":\"https:\/\/akademiabadmintona.pl\/warszawa\/#\/schema\/logo\/image\/\",\"url\":\"https:\/\/akademiabadmintona.pl\/warszawa\/wp-content\/uploads\/sites\/6\/2021\/06\/logo2a.png\",\"contentUrl\":\"https:\/\/akademiabadmintona.pl\/warszawa\/wp-content\/uploads\/sites\/6\/2021\/06\/logo2a.png\",\"width\":312,\"height\":171,\"caption\":\"Akademia badmintona | Warszawa\"},\"image\":{\"@id\":\"https:\/\/akademiabadmintona.pl\/warszawa\/#\/schema\/logo\/image\/\"}}]}<\/script>\n<!-- \/ Yoast SEO plugin. -->","yoast_head_json":{"title":"Zaj\u0119cia dla dzieci Warszawa \u015ar\u00f3dmie\u015bcie - Akademia badmintona","description":"Zapisz dziecko na zaj\u0119cia dla dzieci w Warszawie \u015ar\u00f3dmie\u015bciu! Zapewniamy sportowe treningi, kt\u00f3re wspieraj\u0105 rozw\u00f3j fizyczny i pasj\u0119 do sportu.","robots":{"index":"index","follow":"follow","max-snippet":"max-snippet:-1","max-image-preview":"max-image-preview:large","max-video-preview":"max-video-preview:-1"},"canonical":"https:\/\/akademiabadmintona.pl\/warszawa\/zajecia-dla-dzieci-srodmiescie\/","og_locale":"pl_PL","og_type":"article","og_title":"Zaj\u0119cia dla dzieci Warszawa \u015ar\u00f3dmie\u015bcie - Akademia badmintona","og_description":"Zapisz dziecko na zaj\u0119cia dla dzieci w Warszawie \u015ar\u00f3dmie\u015bciu! Zapewniamy sportowe treningi, kt\u00f3re wspieraj\u0105 rozw\u00f3j fizyczny i pasj\u0119 do sportu.","og_url":"https:\/\/akademiabadmintona.pl\/warszawa\/zajecia-dla-dzieci-srodmiescie\/","og_site_name":"Akademia badmintona | Warszawa","article_modified_time":"2024-12-19T12:06:15+00:00","og_image":[{"width":2048,"height":1365,"url":"https:\/\/akademiabadmintona.pl\/warszawa\/wp-content\/uploads\/sites\/6\/2021\/05\/187796930_4662442637105674_5433886454071671463_n.jpg","type":"image\/jpeg"}],"twitter_card":"summary_large_image","twitter_misc":{"Szacowany czas czytania":"1 minuta"},"schema":{"@context":"https:\/\/schema.org","@graph":[{"@type":"WebPage","@id":"https:\/\/akademiabadmintona.pl\/warszawa\/zajecia-dla-dzieci-srodmiescie\/","url":"https:\/\/akademiabadmintona.pl\/warszawa\/zajecia-dla-dzieci-srodmiescie\/","name":"Zaj\u0119cia dla dzieci Warszawa \u015ar\u00f3dmie\u015bcie - Akademia badmintona","isPartOf":{"@id":"https:\/\/akademiabadmintona.pl\/warszawa\/#website"},"primaryImageOfPage":{"@id":"https:\/\/akademiabadmintona.pl\/warszawa\/zajecia-dla-dzieci-srodmiescie\/#primaryimage"},"image":{"@id":"https:\/\/akademiabadmintona.pl\/warszawa\/zajecia-dla-dzieci-srodmiescie\/#primaryimage"},"thumbnailUrl":"https:\/\/akademiabadmintona.pl\/warszawa\/wp-content\/uploads\/sites\/6\/2021\/05\/187796930_4662442637105674_5433886454071671463_n.jpg","datePublished":"2024-10-14T12:11:54+00:00","dateModified":"2024-12-19T12:06:15+00:00","description":"Zapisz dziecko na zaj\u0119cia dla dzieci w Warszawie \u015ar\u00f3dmie\u015bciu! Zapewniamy sportowe treningi, kt\u00f3re wspieraj\u0105 rozw\u00f3j fizyczny i pasj\u0119 do sportu.","breadcrumb":{"@id":"https:\/\/akademiabadmintona.pl\/warszawa\/zajecia-dla-dzieci-srodmiescie\/#breadcrumb"},"inLanguage":"pl-PL","potentialAction":[{"@type":"ReadAction","target":["https:\/\/akademiabadmintona.pl\/warszawa\/zajecia-dla-dzieci-srodmiescie\/"]}]},{"@type":"ImageObject","inLanguage":"pl-PL","@id":"https:\/\/akademiabadmintona.pl\/warszawa\/zajecia-dla-dzieci-srodmiescie\/#primaryimage","url":"https:\/\/akademiabadmintona.pl\/warszawa\/wp-content\/uploads\/sites\/6\/2021\/05\/187796930_4662442637105674_5433886454071671463_n.jpg","contentUrl":"https:\/\/akademiabadmintona.pl\/warszawa\/wp-content\/uploads\/sites\/6\/2021\/05\/187796930_4662442637105674_5433886454071671463_n.jpg","width":2048,"height":1365},{"@type":"BreadcrumbList","@id":"https:\/\/akademiabadmintona.pl\/warszawa\/zajecia-dla-dzieci-srodmiescie\/#breadcrumb","itemListElement":[{"@type":"ListItem","position":1,"name":"Strona g\u0142\u00f3wna","item":"https:\/\/akademiabadmintona.pl\/warszawa\/"},{"@type":"ListItem","position":2,"name":"Zaj\u0119cia dla dzieci &#8211; \u015ar\u00f3dmie\u015bcie"}]},{"@type":"WebSite","@id":"https:\/\/akademiabadmintona.pl\/warszawa\/#website","url":"https:\/\/akademiabadmintona.pl\/warszawa\/","name":"Akademia badmintona | Warszawa","description":"Kolejna witryna sieci \u201eAkademia badmintona Witryn\u201d","publisher":{"@id":"https:\/\/akademiabadmintona.pl\/warszawa\/#organization"},"potentialAction":[{"@type":"SearchAction","target":{"@type":"EntryPoint","urlTemplate":"https:\/\/akademiabadmintona.pl\/warszawa\/?s={search_term_string}"},"query-input":{"@type":"PropertyValueSpecification","valueRequired":true,"valueName":"search_term_string"}}],"inLanguage":"pl-PL"},{"@type":"Organization","@id":"https:\/\/akademiabadmintona.pl\/warszawa\/#organization","name":"Akademia badmintona | Warszawa","url":"https:\/\/akademiabadmintona.pl\/warszawa\/","logo":{"@type":"ImageObject","inLanguage":"pl-PL","@id":"https:\/\/akademiabadmintona.pl\/warszawa\/#\/schema\/logo\/image\/","url":"https:\/\/akademiabadmintona.pl\/warszawa\/wp-content\/uploads\/sites\/6\/2021\/06\/logo2a.png","contentUrl":"https:\/\/akademiabadmintona.pl\/warszawa\/wp-content\/uploads\/sites\/6\/2021\/06\/logo2a.png","width":312,"height":171,"caption":"Akademia badmintona | Warszawa"},"image":{"@id":"https:\/\/akademiabadmintona.pl\/warszawa\/#\/schema\/logo\/image\/"}}]}},"_links":{"self":[{"href":"https:\/\/akademiabadmintona.pl\/warszawa\/wp-json\/wp\/v2\/pages\/1398","targetHints":{"allow":["GET"]}}],"collection":[{"href":"https:\/\/akademiabadmintona.pl\/warszawa\/wp-json\/wp\/v2\/pages"}],"about":[{"href":"https:\/\/akademiabadmintona.pl\/warszawa\/wp-json\/wp\/v2\/types\/page"}],"author":[{"embeddable":true,"href":"https:\/\/akademiabadmintona.pl\/warszawa\/wp-json\/wp\/v2\/users\/4"}],"replies":[{"embeddable":true,"href":"https:\/\/akademiabadmintona.pl\/warszawa\/wp-json\/wp\/v2\/comments?post=1398"}],"version-history":[{"count":4,"href":"https:\/\/akademiabadmintona.pl\/warszawa\/wp-json\/wp\/v2\/pages\/1398\/revisions"}],"predecessor-version":[{"id":1413,"href":"https:\/\/akademiabadmintona.pl\/warszawa\/wp-json\/wp\/v2\/pages\/1398\/revisions\/1413"}],"wp:featuredmedia":[{"embeddable":true,"href":"https:\/\/akademiabadmintona.pl\/warszawa\/wp-json\/wp\/v2\/media\/628"}],"wp:attachment":[{"href":"https:\/\/akademiabadmintona.pl\/warszawa\/wp-json\/wp\/v2\/media?parent=1398"}],"curies":[{"name":"wp","href":"https:\/\/api.w.org\/{rel}","templated":true}]}}